{"id":444,"date":"2019-09-17T15:33:07","date_gmt":"2019-09-17T14:33:07","guid":{"rendered":"https:\/\/protestinprint.co.uk\/?page_id=444"},"modified":"2022-09-05T12:01:38","modified_gmt":"2022-09-05T11:01:38","slug":"further-reading","status":"publish","type":"page","link":"https:\/\/more.bham.ac.uk\/protestinprint\/?page_id=444","title":{"rendered":"Further reading"},"content":{"rendered":"\r\n<div class=\"et_pb_row et_pb_row_0\">\r\n<div class=\"et_pb_column et_pb_column_4_4 et_pb_column_0  et_pb_css_mix_blend_mode_passthrough et-last-child\">\r\n<div class=\"et_pb_module et_pb_text et_pb_text_1  et_pb_text_align_center et_pb_bg_layout_light\">\r\n<div class=\"et_pb_text_inner\">\r\n<p>There are many books and articles dealing with the protests of the 1960s and 1970s.<\/p>\r\n<p>Here are some suggestions for further reading.<\/p>\r\n<\/div>\r\n<\/div>\r\n<\/div>\r\n<\/div>\r\n<div class=\"et_pb_row et_pb_row_1\">\r\n<div class=\"et_pb_column et_pb_column_1_5 et_pb_column_1  et_pb_css_mix_blend_mode_passthrough et_pb_column_empty\">\u00a0<\/div>\r\n<div class=\"et_pb_column et_pb_column_3_5 et_pb_column_2  et_pb_css_mix_blend_mode_passthrough\">\r\n<div class=\"et_pb_module et_pb_text et_pb_text_2  et_pb_text_align_left et_pb_bg_layout_light\">\r\n<div class=\"et_pb_text_inner\">\r\n<p><span class=\"authors\">Ingo Cornils,<\/span>\u00a0<span class=\"title\"><em>Writing the Revolution: The Construction of 1968 in Germany<\/em><\/span>\u00a0(<span class=\"publisher\">Camden House, 2016)<\/span><\/p>\r\n<p><span class=\"publisher\">Mererid Puw Davies,\u00a0<em>Writing and the West German Protest Movements: Textual Revolution\u00a0<\/em>(IMLR, 2016)<\/span><\/p>\r\n<p>Keith A. Reader,\u00a0<em>The May 1968 Events in France: Reproductions and Interpretations<\/em>\u00a0(Macmillan, 1993)<\/p>\r\n<p>Chris Reynolds,\u00a0<em>Sous les pav\u00e9s\u2026 The Troubles: Northern Ireland, France, and the European Collective Memory of 1968\u00a0<\/em>(Peter Lang, 2014)<\/p>\r\n<p>Kristen Ross,\u00a0<em>May \u201968 and its Afterlives\u00a0<\/em>(University of Chicago Press, 2002)<\/p>\r\n<p>In French:<\/p>\r\n<p>Patrick Combes,\u00a0<em>La litt\u00e9rature et le mouvement de Mai 68. \u00c9criture, mythes, critique, \u00e9crivains 1968-1981<\/em>\u00a0(Seghers, 1984)<\/p>\r\n<p>Caroline Hoctan,\u00a0<em>Mai 68 en revues\u00a0<\/em>(IMEC, 2008)<\/p>\r\n<\/div>\r\n<\/div>\r\n<\/div>\r\n<\/div>\r\n","protected":false},"excerpt":{"rendered":"","protected":false},"author":2477,"featured_media":0,"parent":0,"menu_order":0,"comment_status":"closed","ping_status":"closed","template":"","meta":{"footnotes":""},"class_list":["post-444","page","type-page","status-publish","has-post-thumbnail","hentry"],"featured_image_src":null,"featured_image_src_square":null,"_links":{"self":[{"href":"https:\/\/more.bham.ac.uk\/protestinprint\/index.php?rest_route=\/wp\/v2\/pages\/444","targetHints":{"allow":["GET"]}}],"collection":[{"href":"https:\/\/more.bham.ac.uk\/protestinprint\/index.php?rest_route=\/wp\/v2\/pages"}],"about":[{"href":"https:\/\/more.bham.ac.uk\/protestinprint\/index.php?rest_route=\/wp\/v2\/types\/page"}],"author":[{"embeddable":true,"href":"https:\/\/more.bham.ac.uk\/protestinprint\/index.php?rest_route=\/wp\/v2\/users\/2477"}],"replies":[{"embeddable":true,"href":"https:\/\/more.bham.ac.uk\/protestinprint\/index.php?rest_route=%2Fwp%2Fv2%2Fcomments&post=444"}],"version-history":[{"count":1,"href":"https:\/\/more.bham.ac.uk\/protestinprint\/index.php?rest_route=\/wp\/v2\/pages\/444\/revisions"}],"predecessor-version":[{"id":615,"href":"https:\/\/more.bham.ac.uk\/protestinprint\/index.php?rest_route=\/wp\/v2\/pages\/444\/revisions\/615"}],"wp:attachment":[{"href":"https:\/\/more.bham.ac.uk\/protestinprint\/index.php?rest_route=%2Fwp%2Fv2%2Fmedia&parent=444"}],"curies":[{"name":"wp","href":"https:\/\/api.w.org\/{rel}","templated":true}]}}

<div class="et_pb_row et_pb_row_0">
<div class="et_pb_column et_pb_column_4_4 et_pb_column_0  et_pb_css_mix_blend_mode_passthrough et-last-child">
<div class="et_pb_module et_pb_text et_pb_text_1  et_pb_text_align_center et_pb_bg_layout_light">
<div class="et_pb_text_inner">
<p>There are many books and articles dealing with the protests of the 1960s and 1970s.</p>
<p>Here are some suggestions for further reading.</p>
</div>
</div>
</div>
</div>
<div class="et_pb_row et_pb_row_1">
<div class="et_pb_column et_pb_column_1_5 et_pb_column_1  et_pb_css_mix_blend_mode_passthrough et_pb_column_empty"> </div>
<div class="et_pb_column et_pb_column_3_5 et_pb_column_2  et_pb_css_mix_blend_mode_passthrough">
<div class="et_pb_module et_pb_text et_pb_text_2  et_pb_text_align_left et_pb_bg_layout_light">
<div class="et_pb_text_inner">
<p><span class="authors">Ingo Cornils,</span> <span class="title"><em>Writing the Revolution: The Construction of 1968 in Germany</em></span> (<span class="publisher">Camden House, 2016)</span></p>
<p><span class="publisher">Mererid Puw Davies, <em>Writing and the West German Protest Movements: Textual Revolution </em>(IMLR, 2016)</span></p>
<p>Keith A. Reader, <em>The May 1968 Events in France: Reproductions and Interpretations</em> (Macmillan, 1993)</p>
<p>Chris Reynolds, <em>Sous les pavés… The Troubles: Northern Ireland, France, and the European Collective Memory of 1968 </em>(Peter Lang, 2014)</p>
<p>Kristen Ross, <em>May ’68 and its Afterlives </em>(University of Chicago Press, 2002)</p>
<p>In French:</p>
<p>Patrick Combes, <em>La littérature et le mouvement de Mai 68. Écriture, mythes, critique, écrivains 1968-1981</em> (Seghers, 1984)</p>
<p>Caroline Hoctan, <em>Mai 68 en revues </em>(IMEC, 2008)</p>
</div>
</div>
</div>
</div>
