{"id":35,"date":"2021-06-03T10:55:29","date_gmt":"2021-06-03T09:55:29","guid":{"rendered":"https:\/\/blog.bham.ac.uk\/mwpf-network\/?page_id=35"},"modified":"2021-09-10T16:03:43","modified_gmt":"2021-09-10T15:03:43","slug":"events","status":"publish","type":"page","link":"https:\/\/more.bham.ac.uk\/mwpf-network\/events\/","title":{"rendered":"Events"},"content":{"rendered":"<p>The Muslim Women&#8217;s Popular Fiction Network will host a series of online and in-person events over the two years of the project.<\/p>\n<p>Year one is focused on develop local &#8216;nodes&#8217;, each highlighting an area of particular expertise and focused on developing scholarly networks more locally.<\/p>\n<ul>\n<li><strong>Translation<\/strong> \u2013 led by Dr \u015eima \u0130msir, \u00d6zye\u011fin University, Istanbul, Turkey<\/li>\n<li><strong>Education<\/strong> \u2013 led by Dr Amy Burge, University of Birmingham, UK<\/li>\n<li><strong>Literature and Decoloniality \u2013 <\/strong>led by Dr Aroosa Kanwal, International Islamic University, Pakistan<\/li>\n<li><strong>Text and Image<\/strong> \u2013 led by Dr Esra Santesso, University of Georgia, USA<\/li>\n<li><strong>Mobilities <\/strong>\u2013 led by Dr Lucinda Newns, Centre for Popular Culture in the Humanities, Education University of Hong Kong<\/li>\n<\/ul>\n<p>In Spring 2023, we will host an international conference in Brussels, Belgium to bring together researchers from local nodes and elsewhere, encouraging collaboration across languages, disciplines and genres. The conference programme will include scheduled time for researchers to meet previously identified research partners and structured space and workshops in which network members can plan for future collaboration.<\/p>\n","protected":false},"excerpt":{"rendered":"<p>The Muslim Women&#8217;s Popular Fiction Network will host a series of online and in-person events over the two years of the project. Year one is focused on develop local &#8216;nodes&#8217;, each highlighting an area of particular expertise and focused on developing scholarly networks more locally. Translation \u2013 led by Dr \u015eima \u0130msir, \u00d6zye\u011fin University, Istanbul, &#8230; <\/p>\n<p class=\"read-more-container\"><a title=\"Events\" class=\"read-more button\" href=\"https:\/\/more.bham.ac.uk\/mwpf-network\/events\/#more-35\" aria-label=\"More on Events\">Read more<\/a><\/p>\n","protected":false},"author":1579,"featured_media":0,"parent":0,"menu_order":0,"comment_status":"closed","ping_status":"closed","template":"","meta":{"footnotes":""},"class_list":{"0":"post-35","1":"page","2":"type-page","3":"status-publish","5":"no-featured-image-padding"},"featured_image_urls_v2":{"full":"","thumbnail":"","medium":"","medium_large":"","large":"","1536x1536":"","2048x2048":"","ab-block-post-grid-landscape":"","ab-block-post-grid-square":""},"post_excerpt_stackable_v2":"<p>The Muslim Women&#8217;s Popular Fiction Network will host a series of online and in-person events over the two years of the project. Year one is focused on develop local &#8216;nodes&#8217;, each highlighting an area of particular expertise and focused on developing scholarly networks more locally. Translation \u2013 led by Dr \u015eima \u0130msir, \u00d6zye\u011fin University, Istanbul, Turkey Education \u2013 led by Dr Amy Burge, University of Birmingham, UK Literature and Decoloniality \u2013 led by Dr Aroosa Kanwal, International Islamic University, Pakistan Text and Image \u2013 led by Dr Esra Santesso, University of Georgia, USA Mobilities \u2013 led by Dr Lucinda Newns,&hellip;<\/p>\n","category_list_v2":"","author_info_v2":{"name":"Amy Burge","url":"https:\/\/more.bham.ac.uk\/mwpf-network\/author\/burgea\/"},"comments_num_v2":"0 comments","featured_image_src":null,"featured_image_src_square":null,"_links":{"self":[{"href":"https:\/\/more.bham.ac.uk\/mwpf-network\/wp-json\/wp\/v2\/pages\/35","targetHints":{"allow":["GET"]}}],"collection":[{"href":"https:\/\/more.bham.ac.uk\/mwpf-network\/wp-json\/wp\/v2\/pages"}],"about":[{"href":"https:\/\/more.bham.ac.uk\/mwpf-network\/wp-json\/wp\/v2\/types\/page"}],"author":[{"embeddable":true,"href":"https:\/\/more.bham.ac.uk\/mwpf-network\/wp-json\/wp\/v2\/users\/1579"}],"replies":[{"embeddable":true,"href":"https:\/\/more.bham.ac.uk\/mwpf-network\/wp-json\/wp\/v2\/comments?post=35"}],"version-history":[{"count":1,"href":"https:\/\/more.bham.ac.uk\/mwpf-network\/wp-json\/wp\/v2\/pages\/35\/revisions"}],"predecessor-version":[{"id":69,"href":"https:\/\/more.bham.ac.uk\/mwpf-network\/wp-json\/wp\/v2\/pages\/35\/revisions\/69"}],"wp:attachment":[{"href":"https:\/\/more.bham.ac.uk\/mwpf-network\/wp-json\/wp\/v2\/media?parent=35"}],"curies":[{"name":"wp","href":"https:\/\/api.w.org\/{rel}","templated":true}]}}